 + -1 is divided by 9.
8
Suppose z = -z - 2*n, -5*z = -3*n. Calculate the remainder when (z - -2*1) + 11 is divided by ((-5)/(-3))/(1/3).
3
Let w = -72 - -124. What is the remainder when w is divided by 18?
16
Suppose v = 2*c + 28, -2*c - 3*c = -2*v + 61. What is the remainder when (33/2)/((-2)/(-4)) is divided by v?
15
Suppose m = 6 - 1. Calculate the remainder when 6 is divided by m.
1
Suppose -5*c + 4*c + 44 = 0. Let k = 23 + 24. Suppose 5*u - k = 3*n, 2*u + 4*n - c = -2*u. What is the remainder when u is divided by 4?
2
Let b be (4 - 3)*(4 - -1). Let d be (8/b)/(-4)*5. Calculate the remainder when 47*(2 + -3 - d) is divided by 16.
15
Let b(o) = o**3 + 3*o**2 - 12*o - 2. Calculate the remainder when 86 is divided by b(-5).
6
Suppose -h - 3*h = -68. Let z = -4 + 13. Calculate the remainder when h is divided by z.
8
Let v(y) = -4*y + 30. What is the remainder when v(-8) is divided by 16?
14
Let a(t) = -t + 14. Suppose -3*c = -4*h - 3, -h - 3 = 3*c - 6*c. What is the remainder when 27 is divided by a(h)?
13
Let f = -19 + 30. Calculate the remainder when 42 is divided by f.
9
What is the remainder when 6 is divided by ((-8)/32)/((-2)/24)?
0
Let l(a) = -a**2 + 6*a + 2. Let i be l(7). Let c = -2 - i. What is the remainder when 8 is divided by c?
2
Let l(h) = 6*h**2 - 7*h + 9. What is the remainder when l(4) is divided by 16?
13
Let z(b) = b**2 - 7*b + 7. Let s be z(13). Suppose -4*o - 5*k + s = 0, 4*k - 18 = 2. What is the remainder when 100/o*(-3)/(-2) is divided by 4?
2
Let q(n) = n - 10. What is the remainder when q(14) is divided by 4?
0
Suppose 2*b = d - 68, 409 = 5*d - 4*b + 93. Calculate the remainder when d is divided by 21.
18
Let g = -7 - -27. Calculate the remainder when 72 is divided by g.
12
Let f = 160 - 67. Suppose 0 = -4*q + 3*m + f, -3*m - 17 = -q + 4. What is the remainder when q is divided by 13?
11
Let w = 106 + -35. Suppose 2*z + w = 4*l + 15, -4*z = 4*l - 80. Calculate the remainder when l is divided by 6.
4
Calculate the remainder when 35 + 3/3 + 1 is divided by 13.
11
Let d be (0 + 1)/(7/(-21)). What is the remainder when 90 is divided by -124*(22/8 + d)?
28
Suppose 4*n = p - 6*p + 130, -5*p = -3*n - 95. What is the remainder when p is divided by 8?
6
Let p(f) = 2*f + 4. Let w(d) = -d**2 - 5*d - 1. Let v be w(-4). What is the remainder when 27 is divided by p(v)?
7
Suppose -5*j + 57 + 18 = 0. What is the remainder when 20 is divided by j?
5
Suppose 0 = h - 81 - 20. Calculate the remainder when h is divided by 21.
17
Let s(a) = -a**3 - 6*a**2 + 3*a - 9. Calculate the remainder when 74 is divided by s(-7).
17
Suppose -2*s - 32 = -3*d - 7*s, -3*d + 2*s + 25 = 0. Calculate the remainder when 25 is divided by d.
7
Let m(r) = -6*r - 10. Let n be 133/(-9) - 4/18. Let l = 8 + n. What is the remainder when m(l) is divided by 11?
10
Let m(r) = r - 3. Let d be m(3). Suppose -5*g + d*g = -25. Calculate the remainder when g is divided by 3.
2
Suppose -4*z + 52 = -136. Let j = z - 34. Calculate the remainder when 23 is divided by j.
10
Suppose 11*l - 276 = 7*l. What is the remainder when l is divided by 25?
19
Let v(l) = 33*l + 1. Let o be v(1). Let u be o + -4*(-1)/2. Suppose 4*x - 220 + u = 0. Calculate the remainder when x is divided by 16.
14
Suppose 0 = -x - 2*y - y + 7, 0 = -4*x + 2*y + 70. What is the remainder when x is divided by 4?
0
Calculate the remainder when 46 is divided by -18*((-18)/4 + 3).
19
Let w(g) = 2*g - 9. Let b be w(6). Suppose 21 = b*y - 0*y. Calculate the remainder when 11 is divided by y.
4
Let m(r) = r**3 + 8*r**2 - 11*r - 12. Suppose 24 = -5*c - 21. Let w be m(c). Let y(h) = h**2 - 5*h - 4. What is the remainder when 2 is divided by y(w)?
0
Suppose 3*w - 22 = 2*u, 2*w - u - 18 = u. Suppose -w*y + 4*t - 56 = 0, -4*y + 3*t + 14 = 72. Let h = y + 41. Calculate the remainder when h is divided by 9.
7
Let w(k) = 2*k - 10. Calculate the remainder when 19 is divided by w(7).
3
Let g(n) = -17*n + 1. Let t be g(-3). Suppose 0*r - t = -4*r. What is the remainder when 25 is divided by r?
12
Let k(l) = -l + 26. Let f(p) = p**2 - 3*p + 2. Suppose 3*y - 9 = -3. Let u be f(y). What is the remainder when k(u) is divided by 9?
8
Calculate the remainder when 56 is divided by 1*1*(-57)/(-3).
18
Let v be -12*(-1)/((-8)/18). Let z(d) = -d**2 - 18*d - 16. Let r be z(-12). Let w = r + v. What is the remainder when w is divided by 15?
14
Let g(l) = 2*l**2 + 6*l - 15. Calculate the remainder when g(9) is divided by 17.
14
Let y(f) = -3*f - 6. Let n = -14 - -9. What is the remainder when (-3)/(30/(-166)) - (-30)/(-50) is divided by y(n)?
7
What is the remainder when (23/3)/((-1)/(-3)) is divided by 12?
11
Let z(n) = n**2 + 6*n - 11. Let g be z(-9). Suppose -g = -w - 2. Calculate the remainder when (-4)/(-14) - 374/(-14) is divided by w.
13
Suppose -c - 2*n + 81 = 3*n, -3*n - 3 = 0. Calculate the remainder when c is divided by 5/20 - (-87)/4.
20
Suppose 0*z = -z + 80. Suppose -2*m + 3*x = -m - 46, -2*m = -2*x - z. Let f(b) = -b**2 + 16*b - 26. Calculate the remainder when m is divided by f(13).
11
Let n be ((-8)/10)/(4/(-30)). Let d be (-46)/12 - 1/n. What is the remainder when 32 is divided by (d/(-6))/(2/33)?
10
Suppose 3*c + 101 = 4*k, 5*c + 120 = 5*k - 0*c. Calculate the remainder when k is divided by 11.
7
Let k(h) = h**2 + 2*h + 49. Calculate the remainder when k(0) is divided by 25.
24
Let v(i) = i**2 - 1. Let l be v(-2). Let z(s) = 4*s**2 - 3*s. Let b = -9 - -23. Calculate the remainder when z(l) is divided by b.
13
Let d(l) = 0 - 8*l - l**3 + 5 + 1 + 4*l**2. Let n be d(5). Let p = -33 - n. What is the remainder when p is divided by 14?
12
Let d(j) = 5*j**2 + 2. Let f be d(-2). What is the remainder when 52 is divided by (-11)/f*(0 - 22)?
8
Suppose -4*j = 20, 2*k - 5*j = -k + 223. Calculate the remainder when k is divided by 17.
15
Let n be (-18)/(-24) - 94/8. Let j = n + 24. Calculate the remainder when 38 is divided by j.
12
Let r = 2 + 19. Suppose 5*x + 9 = -z - 0*x, -z + 2*x + 19 = 0. What is the remainder when r is divided by z?
10
Suppose -3*g + 45 = -144. Calculate the remainder when g is divided by 17.
12
Let y(c) = 4*c + 2. Let p be y(7). Suppose 2*q + 8 - p = 0. Calculate the remainder when q is divided by 6.
5
Let a be -2 + 60 + 2 + -3. Let l = a + -34. Suppose b - 36 = -2*b. Calculate the remainder when l is divided by b.
11
Let x(g) be the first derivative of g**4/4 - 7*g**3/3 - 7*g**2/2 + 5. Let b be x(8). What is the remainder when (0 - -114)*4/b is divided by 15?
12
Calculate the remainder when -6*(3638/12)/(-17) is divided by 27.
26
Let v(s) = -s**2 - 14*s + 58. Calculate the remainder when 24 is divided by v(-17).
3
Let c = 4 - -7. Suppose b + 5 = 2*b. Let y(v) = v**2 - 5*v + 4. Calculate the remainder when c is divided by y(b).
3
Let l = 26 + -17. Calculate the remainder when 44 is divided by l.
8
Suppose 17 + 23 = 3*j - x, 5*j - 4*x = 69. Let w be 2/(-4) + 9/6. Calculate the remainder when j is divided by (-1 - -1*6)/w.
3
Let j(a) be the third derivative of a**6/120 + a**5/30 - a**4/24 - a**2. Let t be j(-2). Let z = 42 + t. What is the remainder when z is divided by 15?
14
Let f(d) = -d**3 - 4*d**2 - 6*d - 5. What is the remainder when f(-5) is divided by 13?
11
Let p(o) = 3*o - 7. Let v = 5 + 6. Suppose z = -2*f + v, 15 = -3*f - 0. Calculate the remainder when z is divided by p(6).
10
Suppose 0 = x - d - 124, -3*d + 0*d = 3*x - 360. Suppose 6*m - 2*m - 112 = 4*k, -5*m - k = -x. What is the remainder when 74 is divided by m?
24
Calculate the remainder when (-1)/7 + (-3 - 3390/(-14)) is divided by 60.
59
Let z(k) = 3*k + 40. Calculate the remainder when 54 is divided by z(-7).
16
Let a(k) = -k**2 + 4*k + 7. Let p be a(5). Suppose -26 = -p*w + 12. Calculate the remainder when w is divided by 4.
3
Let u = 2 - -1. Suppose -u*l + 0 = -12. Suppose -7 = x - 4*a, -4*x - x + 85 = l*a. Calculate the remainder when 38 is divided by x.
12
Suppose -14 + 36 = 2*r. Calculate the remainder when 42 is divided by r.
9
Suppose 2*l + 2*s = -2*l + 198, 5*l - 4*s = 241. Let h = 11 + 2. What is the remainder when l is divided by h?
10
Let n be ((-10)/25)/((-2)/10). Suppose n*g - 92 = -5*c, 2*c + 3*c - 4*g = 86. Let k = -4 + c. What is the remainder when 25 is divided by k?
11
Suppose -a + 50 = 4*a. Suppose 5*h + 17 + 0 = -